12115240 (base 6) to base 16
5da08
Convert -449a2 (base 11) to base 4.
-33321001
What is -1609361 (base 12) in base 4?
-101021122321
Convert -36104 (base 13) to base 6.
-2042302
What is 12100120011001 (base 3) in base 6?
140553044
What is 125ee38 (base 15) in base 12?
4512475
2285967 (base 11) to base 4
33032022121
56c60 (base 13) to base 2
100110100110001101
Convert ba41a (base 14) to base 3.
211220102012
Convert -21405560 (base 7) to base 3.
-10110011201122
114020120 (base 6) to base 5
1022230231
What is -accc7 (base 16) in base 7?
-6005336
22315344 (base 6) to base 5
133212044
2012030120 (base 4) to base 13
163253
-3000313102 (base 4) to base 9
-1433564
Convert 6306601 (base 8) to base 12.
689141
Convert -4056645 (base 8) to base 13.
-2b725a
Convert -6a7823 (base 11) to base 7.
-12355062
What is -350233053 (base 6) in base 15?
-878a19
Convert -14f0d (base 16) to base 12.
-41779
What is -1152732 (base 8) in base 15?
-63d60
Convert 1313252 (base 6) to base 13.
26a2c
What is -70928 (base 11) in base 15?
-20a71
-664232 (base 11) to base 16
-102ba9
What is 13581705 (base 9) in base 16?
66a2b6
What is 541713 (base 12) in base 7?
14206062
-51522 (base 13) to base 4
-203213103
Convert 4ba404 (base 14) to base 12.
a55a18
-103666 (base 7) to base 3
-220221021
What is 103a417 (base 13) in base 12?
179bbb2
What is -55091 (base 16) in base 14?
-90d0d
What is -4052034 (base 6) in base 8?
-572026
What is -4c349 (base 14) in base 11?
-118753
-107542 (base 14) to base 6
-15543354
What is 13020013233 (base 4) in base 2?
111001000000111101111
Convert 5021210 (base 7) to base 16.
90e57
What is -22879 (base 15) in base 11?
-75642
What is 4489788 (base 10) in base 4?
101020020330
Convert -187337 (base 9) to base 13.
-412a8
Convert ae3b37 (base 15) to base 6.
454120024
Convert -4444013 (base 5) to base 7.
-443300
What is -c9c807 (base 14) in base 2?
-11010000100011111010111
What is -121133404 (base 5) in base 12?
-234837
1333102 (base 5) to base 10
27277
-10003211 (base 4) to base 6
-204525
Convert -1261316 (base 7) to base 9.
-272845
Convert 3402d (base 16) to base 2.
110100000000101101
What is 1100322441 (base 5) in base 4?
20332320322
What is 30940 (base 12) in base 9?
106153
What is 51451312 (base 6) in base 4?
11222113130
43d849 (base 14) to base 8
10623551
143531 (base 8) to base 3
2121000010
What is -750602 (base 11) in base 10?
-1201290
What is -964696 (base 12) in base 7?
-26105565
-10001010010001010010 (base 2) to base 7
-4546115
What is -1223131 (base 7) in base 15?
-3187a
Convert 1493783 (base 10) to base 3.
2210220002022
136202500 (base 7) to base 12
300a451
What is -112232033 (base 6) in base 4?
-13322002311
What is -10001011010100110111000 (base 2) in base 12?
-1642048
Convert -5f36e4 (base 16) to base 8.
-27633344
Convert -121223101 (base 4) to base 15.
-21264
What is -1544352 (base 9) in base 14?
-184008
-522014 (base 10) to base 4
-1333130132
3251256 (base 9) to base 2
110101010010011111000
What is 107b0 (base 14) in base 12?
1b146
-641231 (base 7) to base 5
-12022114
What is 22c92 (base 15) in base 16?
1b0f5
2d287 (base 15) to base 14
3b154
What is -61bef (base 16) in base 4?
-1201233233
452912 (base 14) to base 8
10757064
29471 (base 12) to base 14
17045
Convert 143700 (base 9) to base 7.
514461
What is -266544 (base 16) in base 11?
-1469589
Convert -12311303130 (base 4) to base 3.
-10101002212110
What is 3084 (base 9) in base 14?
b79
What is -1430142033 (base 5) in base 11?
-2135949
What is -17010 (base 13) in base 11?
-30028
What is 112300 (base 5) in base 4?
333223
4a74486 (base 12) to base 15
1431733
Convert -dd879 (base 16) to base 10.
-907385
What is -35543231 (base 6) in base 5?
-241233031
Convert -1321323201 (base 4) to base 8.
-1717341
What is 9eb18 (base 15) in base 12?
204565
What is 307632 (base 13) in base 2?
100010011111101001001
Convert 121220200102 (base 3) to base 13.
b86c4
-1100212002010 (base 3) to base 10
-725412
-1541100 (base 6) to base 9
-147710
What is -2112102211201 (base 3) in base 9?
-2472751
22738077 (base 9) to base 5
10313131443
What is 334624 (base 7) in base 5?
3344213
Convert -1bc1c (base 16) to base 5.
-12114232
1d482a7 (base 14) to base 2
111000000100001110111011
What is -60441600 (base 7) in base 5?
-2241044402
Convert a7663 (base 15) to base 12.
217586
What is -11001110110000011000 (base 2) in base 8?
-3166030
What is -17c7 (base 15) in base 4?
-1100101
Convert 362861 (base 12) to base 5.
211004333
-514558 (base 9) to base 2
-1001010100000011100
What is -315135 (base 7) in base 3?
-2202220200
Convert -220221021101111 (base 3) to base 5.
-11343031140
20013310002 (base 4) to base 2
1000000111110100000010
What is 1000101110010011010001 (base 2) in base 4?
20232103101
-1550458 (base 12) to base 14
-80b88c
Convert 20883c (base 13) to base 8.
2717335
What is -1979891 (base 10) in base 15?
-29197b
1450471 (base 8) to base 10
414009
What is 5136b (base 13) in base 10?
145598
Convert -c430 (base 15) to base 11.
-29158
Convert -1b71538 (base 14) to base 9.
-27727850
Convert -6017603 (base 9) to base 7.
-36130530
Convert 100010111101010100 (base 2) to base 14.
3a27a
Convert 3c07b9 (base 15) to base 3.
12102200201210
-910336 (base 10) to base 5
-213112321
Convert 34662056 (base 8) to base 14.
100bd14
2366717 (base 8) to base 3
1020001121010
Convert 9470463 (base 10) to base 8.
44100777
12002020211 (base 3) to base 5
11200212
Convert -100003201 (base 4) to base 7.
-362503
What is 103013111 (base 4) in base 2?
10011000111010101
What is 161213 (base 7) in base 6?
402332
What is 100312122 (base 5) in base 8?
1417020
Convert -112012011100022 (base 3) to base 11.
-4291262
-1a4bd3 (base 15) to base 5
-312004143
Convert -1212123321 (base 4) to base 12.
-182989
Convert -5b7ae2 (base 15) to base 13.
-ba4727
Convert 102402203 (base 5) to base 15.
88bd8
-224a77 (base 12) to base 4
-2011223323
Convert -5041 (base 9) to base 16.
-e62
Convert -440223 (base 7) to base 5.
-4430242
-2014304442 (base 5) to base 9
-7562875
-522341152 (base 6) to base 9
-18068445
7263752 (base 8) to base 3
10121220112210
Convert 1629 (base 14) to base 7.
14352
200021202100210 (base 3) to base 7
145415001
41366526 (base 7) to base 16
3515bb
-1011014201 (base 5) to base 13
-569285
Convert 213a43 (base 12) to base 3.
222200021020
Convert 14724564 (base 8) to base 9.
6330286
What is -520656 (base 8) in base 11?
-108634
What is 2353045 (base 6) in base 8?
361625
What is 44a5cb (base 13) in base 9?
3042454
What is -44885 (base 13) in base 6?
-2400205
112123 (base 13) to base 8
1425736
What is -4c6ba (base 14) in base 11?
-119218
-44020412 (base 6) to base 5
-313342422
28707341 (base 9) to base 2
110110010011101000100000
What is -2250751 (base 13) in base 6?
-1013525254
What is -2000000101110 (base 3) in base 14?
-1d9644
Convert 1441 (base 14) to base 11.
276a
-71d8d (base 15) to base 5
-43021213
Convert 4660078 (base 9) to base 6.
130000155
615526 (base 7) to base 8
315407
1933352 (base 12) to base 9
10857108
1222ea (base 15) to base 2
11010011111011001101
What is 52706 (base 8) in base 12?
1085a
What is -19505b5 (base 12) in base 7?
-63206246
31227640 (base 8) to base 4
121102332200
50388 (base 13) to base 10
143424
What is -522a83 (base 14) in base 2?
-1010100101001000001011
What is 3b28eb (base 15) in base 3?
12100110220212
What is -2364ab (base 12) in base 6?
-20123135
255542 (base 9) to base 11
a64a1
What is 10212201221001 (base 3) in base 15?
2aac74
Convert 31754 (base 8) to base 13.
6086
What is 26a50 (base 15) in base 4?
132032301
-12121140 (base 5) to base 15
-23b4a
1031403411 (base 5) to base 16
21d0aa
What is 499b70 (base 13) in base 2?
110101110101001101000
a8294a (base 12) to base 2
1010001001001011001010
-1100011011001100 (base 2) to base 3
-2120210220
What is -100001011100101110100 (base 2) in base 7?
-12213326
Convert 68b9 (base 12) to base 5.
333121
-10570044 (base 10) to base 7
-155562312
Convert 1010011000000011101000 (base 2) to base 5.
1144014401
Convert -3212110 (base 5) to base 8.
-151416
What is 202120000002000 (base 3) in base 5?
10244032434
What is 433706 (base 8) in base 14?
3ad82
Convert -248774 (base 9) to base 5.
-14311213
What is -246292 (base 10) in base 8?
-741024
What is 330142212 (base 5) in base 14?
28a902
Convert -c47d (